{"id":2069,"date":"2025-01-05T05:35:20","date_gmt":"2025-01-05T05:35:20","guid":{"rendered":"https:\/\/wordpress.themeholy.com\/solak\/?page_id=27"},"modified":"2025-04-25T13:14:19","modified_gmt":"2025-04-25T11:14:19","slug":"about","status":"publish","type":"page","link":"https:\/\/eltraserwis.pl\/?page_id=2069","title":{"rendered":"O nas"},"content":{"rendered":"\t\t<div data-elementor-type=\"wp-page\" data-elementor-id=\"2069\" class=\"elementor elementor-2069\">\n\t\t\t\t\r\n<div class=\"elementor-element elementor-element-e2fd51c e-flex e-con-boxed e-con e-parent\" data-id=\"e2fd51c\" data-element_type=\"container\">\n\t\t\t\t\t<div class=\"e-con-inner\">\n\t\t<div class=\"elementor-element elementor-element-2b54d67 e-con-full e-flex e-con e-child\" data-id=\"2b54d67\" data-element_type=\"container\">\n\t\t\r\n\t\t<div class=\"elementor-element elementor-element-73c5b79 elementor-widget elementor-widget-solakimage\" data-id=\"73c5b79\" data-element_type=\"widget\" data-widget_type=\"solakimage.default\">\n\t\t\t\t<div class=\"elementor-widget-container\">\n\t\t\t\t\t<div class=\"img-box3\"><div class=\"img1\"><img decoding=\"async\" src=\"https:\/\/eltraserwis.pl\/wp-content\/uploads\/2025\/04\/foto4.jpg\" alt=\"foto4\"  \/><\/div><div class=\"img2\"><img decoding=\"async\" src=\"https:\/\/wordpress.themeholy.com\/solak\/wp-content\/uploads\/2025\/01\/about_3_2.jpg\" alt=\"about_3_2\"  \/><\/div><div class=\"about-wrapp\"><div class=\"discount-wrapp style2\"><div class=\"discount-tag\"><span class=\"discount-anime\">Wysoka jako\u015b\u0107. Kompleksowa obs\u0142uga.<\/span><\/div><\/div><\/div><div class=\"about-shape\"><img decoding=\"async\" src=\"https:\/\/wordpress.themeholy.com\/solak\/wp-content\/uploads\/2025\/01\/shape-4-1.png\" alt=\"shape 4 1\"  \/><\/div><\/div>\t\t\t\t<\/div>\n\t\t\t\t<\/div>\n\t\t\t\t<\/div>\n\t\t<div class=\"elementor-element elementor-element-7586a37 e-con-full e-flex e-con e-child\" data-id=\"7586a37\" data-element_type=\"container\">\n\t\t\t\t<div class=\"elementor-element elementor-element-f7afc26 elementor-widget__width-initial elementor-widget elementor-widget-solaksectiontitle\" data-id=\"f7afc26\" data-element_type=\"widget\" data-widget_type=\"solaksectiontitle.default\">\n\t\t\t\t<div class=\"elementor-widget-container\">\n\t\t\t\t\t\t\t<div class=\"title-area text-left \">\r\n\t\t\t<span class=\"sub-title text-ani-style2\">O nas \u2013 Eltra Serwis<\/span><h2 class=\"sec-title text-ani-style3\">Technologia, kt\u00f3ra dzia\u0142a. Ludzie, kt\u00f3rym mo\u017cesz zaufa\u0107.<\/h2>\t\t<\/div>\r\n\r\n\t\t\t\t\t<\/div>\n\t\t\t\t<\/div>\n\t\t\t\t<div class=\"elementor-element elementor-element-8e19c56 elementor-widget elementor-widget-text-editor\" data-id=\"8e19c56\" data-element_type=\"widget\" data-widget_type=\"text-editor.default\">\n\t\t\t\t<div class=\"elementor-widget-container\">\n\t\t\t\t\t\t\t\t\t<p>Jeste\u015bmy firm\u0105 technologiczn\u0105 z polskim kapita\u0142em, wyspecjalizowan\u0105 w projektowaniu, sprzeda\u017cy i kompleksowej obs\u0142udze system\u00f3w opartych o odnawialne \u017ar\u00f3d\u0142a energii. Naszym celem nie jest \u201emasowa sprzeda\u017c\u201d, ale partnerska wsp\u00f3\u0142praca z klientami, kt\u00f3rzy oczekuj\u0105 jako\u015bci, trwa\u0142o\u015bci i realnych efekt\u00f3w.<\/p><p>Od lat dostarczamy nowoczesne rozwi\u0105zania energetyczne dla dom\u00f3w, firm, gospodarstw rolnych oraz wsp\u00f3lnot mieszkaniowych. Realizujemy inwestycje na terenie ca\u0142ego kraju \u2013 od pierwszego kontaktu, przez projekt i monta\u017c, a\u017c po opiek\u0119 serwisow\u0105 i pomoc w uzyskaniu dofinansowania.<\/p><p>Wierzymy, \u017ce przysz\u0142o\u015b\u0107 to nie has\u0142a \u2013 to konkretne dzia\u0142ania. Dlatego pracujemy wy\u0142\u0105cznie na sprawdzonych produktach, z do\u015bwiadczonymi instalatorami i jasno okre\u015blonymi warunkami wsp\u00f3\u0142pracy.<\/p>\t\t\t\t\t\t\t\t<\/div>\n\t\t\t\t<\/div>\n\t\t\t\t<\/div>\n\t\t\t\t\t<\/div>\n\t\t\t\t<\/div>\n\t\t<div class=\"elementor-element elementor-element-a71d44c e-con-full e-flex e-con e-parent\" data-id=\"a71d44c\" data-element_type=\"container\" data-settings=\"{&quot;background_background&quot;:&quot;classic&quot;}\">\n\t\t<div class=\"elementor-element elementor-element-6b5c452 e-con-full e-flex e-con e-child\" data-id=\"6b5c452\" data-element_type=\"container\">\n\t\t\t\t<div class=\"elementor-element elementor-element-cb4ffae elementor-widget-mobile__width-initial elementor-hidden-tablet elementor-hidden-mobile elementor-widget elementor-widget-heading\" data-id=\"cb4ffae\" data-element_type=\"widget\" data-widget_type=\"heading.default\">\n\t\t\t\t<div class=\"elementor-widget-container\">\n\t\t\t\t\t<h2 class=\"elementor-heading-title elementor-size-default\">N<BR>A<BR>S<BR>Z<BR>E <BR><BR>W<BR>A<BR>R<BR>T<BR>O<BR>\u015a<BR>C<BR>I<\/h2>\t\t\t\t<\/div>\n\t\t\t\t<\/div>\n\t\t\t\t<div class=\"elementor-element elementor-element-f215202 elementor-widget-mobile__width-initial elementor-hidden-desktop elementor-widget elementor-widget-heading\" data-id=\"f215202\" data-element_type=\"widget\" data-widget_type=\"heading.default\">\n\t\t\t\t<div class=\"elementor-widget-container\">\n\t\t\t\t\t<h2 class=\"elementor-heading-title elementor-size-default\">NASZE <BR>WARTO\u015aCI<\/h2>\t\t\t\t<\/div>\n\t\t\t\t<\/div>\n\t\t\t\t<\/div>\n\t\t<div class=\"elementor-element elementor-element-7285fe4 e-con-full e-flex e-con e-child\" data-id=\"7285fe4\" data-element_type=\"container\">\n\t\t\t\t<div class=\"elementor-element elementor-element-ac2bcf0 elementor-widget elementor-widget-solakchooseus\" data-id=\"ac2bcf0\" data-element_type=\"widget\" data-widget_type=\"solakchooseus.default\">\n\t\t\t\t<div class=\"elementor-widget-container\">\n\t\t\t\t\t<div class=\"choose-wrapper2\"><div class=\"choose-item2\"><div class=\"choose-img\"><img decoding=\"async\" src=\"https:\/\/eltraserwis.pl\/wp-content\/uploads\/2025\/04\/foto5.jpg\" alt=\"foto5\"  \/><\/div><div class=\"choose-content\"><h3 class=\"box-number\">Jako\u015b\u0107:<\/h3><p class=\"box-text\">wybieramy tylko to, co sami chcieliby\u015bmy mie\u0107 u siebie.<\/p><\/div><\/div><div class=\"choose-item2\"><div class=\"choose-img\"><img decoding=\"async\" src=\"https:\/\/eltraserwis.pl\/wp-content\/uploads\/2025\/04\/rozwoj.png\" alt=\"rozwoj\"  \/><\/div><div class=\"choose-content\"><h3 class=\"box-number\">Profesjonalizm:<\/h3><p class=\"box-text\">dzia\u0142amy rzetelnie, transparentnie i terminowo.<\/p><\/div><\/div><\/div>\t\t\t\t<\/div>\n\t\t\t\t<\/div>\n\t\t\t\t<div class=\"elementor-element elementor-element-0a5dc09 elementor-widget elementor-widget-solakchooseus\" data-id=\"0a5dc09\" data-element_type=\"widget\" data-widget_type=\"solakchooseus.default\">\n\t\t\t\t<div class=\"elementor-widget-container\">\n\t\t\t\t\t<div class=\"choose-wrapper2\"><div class=\"choose-item2\"><div class=\"choose-img\"><img decoding=\"async\" src=\"https:\/\/wordpress.themeholy.com\/solak\/wp-content\/uploads\/2025\/01\/choose_2_1.jpg\" alt=\"choose_2_1\"  \/><\/div><div class=\"choose-content\"><h3 class=\"box-number\">Wsparcie:<\/h3><p class=\"box-text\">jeste\u015bmy z klientem od pierwszej rozmowy po serwis pogwarancyjny.<\/p><\/div><\/div><div class=\"choose-item2\"><div class=\"choose-img\"><img decoding=\"async\" src=\"https:\/\/eltraserwis.pl\/wp-content\/uploads\/2025\/04\/foto3.webp\" alt=\"foto3\"  \/><\/div><div class=\"choose-content\"><h3 class=\"box-number\">Rozw\u00f3j:<\/h3><p class=\"box-text\">stale aktualizujemy ofert\u0119 i wdra\u017camy innowacje.<\/p><\/div><\/div><\/div>\t\t\t\t<\/div>\n\t\t\t\t<\/div>\n\t\t\t\t<\/div>\n\t\t\t\t<\/div>\n\t\t<div class=\"elementor-element elementor-element-bcd5ef6 e-con-full e-flex e-con e-parent\" data-id=\"bcd5ef6\" data-element_type=\"container\" data-settings=\"{&quot;background_background&quot;:&quot;classic&quot;}\">\n\t\t\t\t<div class=\"elementor-element elementor-element-2f0da22 elementor-widget elementor-widget-solaksectiontitle\" data-id=\"2f0da22\" data-element_type=\"widget\" data-widget_type=\"solaksectiontitle.default\">\n\t\t\t\t<div class=\"elementor-widget-container\">\n\t\t\t\t\t\t\t<div class=\"title-area text-right \">\r\n\t\t\t<h2 class=\"sec-title \">Je\u015bli zale\u017cy Ci na uczciwym partnerze, <br>kt\u00f3ry zna si\u0119 na OZE \u2013 jeste\u015b we w\u0142a\u015bciwym miejscu.<\/h2>\t\t<\/div>\r\n\r\n\t\t\t\t\t<\/div>\n\t\t\t\t<\/div>\n\t\t\t\t<\/div>\n\t\t\t\t<\/div>\n\t\t","protected":false},"excerpt":{"rendered":"<p>Wysoka jako\u015b\u0107. Kompleksowa obs\u0142uga. O nas \u2013 Eltra Serwis Technologia, kt\u00f3ra dzia\u0142a. Ludzie, kt\u00f3rym mo\u017cesz zaufa\u0107. Jeste\u015bmy firm\u0105 technologiczn\u0105 z polskim kapita\u0142em, wyspecjalizowan\u0105 w projektowaniu, sprzeda\u017cy i kompleksowej obs\u0142udze system\u00f3w opartych o odnawialne \u017ar\u00f3d\u0142a energii. Naszym celem nie jest \u201emasowa sprzeda\u017c\u201d, ale partnerska wsp\u00f3\u0142praca z klientami, kt\u00f3rzy oczekuj\u0105 jako\u015bci, trwa\u0142o\u015bci i realnych efekt\u00f3w. Od lat&#8230;<\/p>\n","protected":false},"author":1,"featured_media":0,"parent":0,"menu_order":0,"comment_status":"closed","ping_status":"closed","template":"template-builder.php","meta":{"footnotes":""},"class_list":["post-2069","page","type-page","status-publish","hentry"],"_links":{"self":[{"href":"https:\/\/eltraserwis.pl\/index.php?rest_route=\/wp\/v2\/pages\/2069","targetHints":{"allow":["GET"]}}],"collection":[{"href":"https:\/\/eltraserwis.pl\/index.php?rest_route=\/wp\/v2\/pages"}],"about":[{"href":"https:\/\/eltraserwis.pl\/index.php?rest_route=\/wp\/v2\/types\/page"}],"author":[{"embeddable":true,"href":"https:\/\/eltraserwis.pl\/index.php?rest_route=\/wp\/v2\/users\/1"}],"replies":[{"embeddable":true,"href":"https:\/\/eltraserwis.pl\/index.php?rest_route=%2Fwp%2Fv2%2Fcomments&post=2069"}],"version-history":[{"count":19,"href":"https:\/\/eltraserwis.pl\/index.php?rest_route=\/wp\/v2\/pages\/2069\/revisions"}],"predecessor-version":[{"id":2636,"href":"https:\/\/eltraserwis.pl\/index.php?rest_route=\/wp\/v2\/pages\/2069\/revisions\/2636"}],"wp:attachment":[{"href":"https:\/\/eltraserwis.pl\/index.php?rest_route=%2Fwp%2Fv2%2Fmedia&parent=2069"}],"curies":[{"name":"wp","href":"https:\/\/api.w.org\/{rel}","templated":true}]}}