{"id":2075,"date":"2025-01-05T05:36:55","date_gmt":"2025-01-05T05:36:55","guid":{"rendered":"https:\/\/wordpress.themeholy.com\/solak\/?page_id=37"},"modified":"2025-04-24T16:41:41","modified_gmt":"2025-04-24T14:41:41","slug":"pricing","status":"publish","type":"page","link":"https:\/\/eltraserwis.pl\/?page_id=2075","title":{"rendered":"Dofinansowania"},"content":{"rendered":"\t\t<div data-elementor-type=\"wp-page\" data-elementor-id=\"2075\" class=\"elementor elementor-2075\">\n\t\t\t\t\r\n<div class=\"elementor-element elementor-element-cb33322 arrow-wrap e-flex e-con-boxed e-con e-parent\" data-id=\"cb33322\" data-element_type=\"container\">\n\t\t\t\t\t<div class=\"e-con-inner\">\n\t\t\r\n\t\t<div class=\"elementor-element elementor-element-3effdfa elementor-widget elementor-widget-solaksectiontitle\" data-id=\"3effdfa\" data-element_type=\"widget\" data-widget_type=\"solaksectiontitle.default\">\n\t\t\t\t<div class=\"elementor-widget-container\">\n\t\t\t\t\t\t\t<div class=\"title-area text-center \">\r\n\t\t\t<span class=\"sub-title text-ani-style2\">Dofinansowania<\/span><h2 class=\"sec-title text-ani-style3\">Z Eltra Serwis zaoszcz\u0119dzisz na\nekologicznych inwestycjach!<\/h2><p>Skorzystaj z dotacji i obni\u017c koszty inwestycji do nawet 58 000 z\u0142!\nW Eltra Serwis nie tylko montujemy nowoczesne systemy OZE \u2013 pomagamy tak\u017ce zdoby\u0107 dotacje,\nkt\u00f3re umo\u017cliwiaj\u0105 szybkie obni\u017cenie koszt\u00f3w inwestycji. Dzi\u0119ki naszemu do\u015bwiadczeniu i wiedzy,\nproces ubiegania si\u0119 o dofinansowanie jest szybki, bezpieczny i bezproblemowy.\nPomo\u017cemy Ci wybra\u0107 odpowiedni program dofinansowania oraz przej\u015b\u0107 przez ca\u0142\u0105 procedur\u0119\naplikacyjn\u0105. Z nami inwestowanie w odnawialne \u017ar\u00f3d\u0142a energii staje si\u0119 prostsze.<\/p>\t\t<\/div>\r\n\r\n\t\t\t\t\t<\/div>\n\t\t\t\t<\/div>\n\t\t\t\t<div class=\"elementor-element elementor-element-b07a2c8 elementor-widget elementor-widget-solakprice\" data-id=\"b07a2c8\" data-element_type=\"widget\" data-widget_type=\"solakprice.default\">\n\t\t\t\t<div class=\"elementor-widget-container\">\n\t\t\t\t\t<div class=\"row gy-4 justify-content-center\"><div class=\"col-xl-4 col-md-6\"><div class=\"price-box th-ani style2 \"><h3 class=\"box-title\">Program M\u00f3j Pr\u0105d 6.0<\/h3><p class=\"box-text2\">Dla kogo: Osoby fizyczne, kt\u00f3re posiadaj\u0105 lub planuj\u0105 za\u0142o\u017cy\u0107 mikroinstalacj\u0119 fotowoltaiczn\u0105 i s\u0105\nprosumentami, a tak\u017ce osoby, kt\u00f3re chc\u0105 zainwestowa\u0107 w magazyny energii, pompy ciep\u0142a oraz inne\ntechnologie OZE.<\/p><h4 class=\"box-price\">Dotacja do<br> 58 000 z\u0142<\/h4><div class=\"box-content\"><div class=\"available-list\">Na co mo\u017cna uzyska\u0107 dofinansowanie:<br><br><ul>\r\n<li>Fotowoltaika: do 7 000 z\u0142 na mikroinstalacj\u0119<\/li>\r\n<li>Magazyn energii: do 16 000 z\u0142<\/li>\r\n<li>Pompy ciep\u0142a: do 19 400 z\u0142 (dla pomp powietrznych)<\/li>\r\n<li>Systemy zarz\u0105dzania energi\u0105: do 3 000 z\u0142<\/li>\r\n<li>Kolektory s\u0142oneczne: do 3 500 z\u0142<\/li>\r\n<li>Magazyn Ciep\u0142a 5000 z\u0142<\/li>\r\n<\/ul>\r\n\r\n<br>Maksymalne \u0142\u0105czne dofinansowanie:\r\nNawet 58 000 z\u0142!\r\n<br>To doskona\u0142a okazja, aby zainwestowa\u0107 w ekologiczne \u017ar\u00f3d\u0142a energii, kt\u00f3re pozwol\u0105 Ci zaoszcz\u0119dzi\u0107\r\nna rachunkach za pr\u0105d.<\/div><\/div><a href=\"https:\/\/eltraserwis.pl\/?page_id=2075\/#dowiedz-sie-wiecej\" class=\"th-btn black-btn th-icon fw-btn\"><span class=\"btn-text\" data-back=\"Dowiedz si\u0119 wi\u0119cej\" data-front=\"Dowiedz si\u0119 wi\u0119cej\"><\/span><i class=\"fa-regular fa-arrow-right ms-2\"><\/i><\/a><\/div><\/div><div class=\"col-xl-4 col-md-6\"><div class=\"price-box th-ani style2 active\"><h3 class=\"box-title\">Program Czyste Powietrze<\/h3><p class=\"box-text2\">Dla kogo: W\u0142a\u015bciciele lub wsp\u00f3\u0142w\u0142a\u015bciciele dom\u00f3w jednorodzinnych, kt\u00f3rzy chc\u0105 wymieni\u0107\nnieekologiczne \u017ar\u00f3d\u0142a ciep\u0142a oraz przeprowadzi\u0107 kompleksow\u0105 termomodernizacj\u0119 swojego domu.<\/p><h4 class=\"box-price\">Dotacja do<br> 79 000 z\u0142<\/h4><div class=\"box-content\"><div class=\"available-list\">Na co mo\u017cna uzyska\u0107 dofinansowanie:<br><br><ul>\r\n<li>Pompy ciep\u0142a: do 28 500 z\u0142<\/li>\r\n<li>Instalacja fotowoltaiczna: do 6 000 z\u0142<\/li>\r\n<li>Wymiana pieca: (np. na kocio\u0142 na biomas\u0119, pellet) \u2013 do 20 000 z\u0142<\/li>\r\n<li>Termomodernizacja: ocieplenie budynku, wymiana okien, drzwi, wentylacja z odzyskiem\r\nciep\u0142a \u2013 do 53 000 z\u0142<\/li>\r\n<\/ul><br>\r\nDofinansowanie do 100% koszt\u00f3w: Dla os\u00f3b o niskich dochodach mo\u017cliwe jest uzyskanie dotacji do\r\n100% koszt\u00f3w inwestycji, co mo\u017ce oznacza\u0107 dofinansowanie nawet w wysoko\u015bci 79 000 z\u0142!<\/div><\/div><a href=\"https:\/\/eltraserwis.pl\/?page_id=2075\/#dowiedz-sie-wiecej\" class=\"th-btn black-btn th-icon fw-btn\"><span class=\"btn-text\" data-back=\"Dowiedz si\u0119 wi\u0119cej\" data-front=\"Dowiedz si\u0119 wi\u0119cej\"><\/span><i class=\"fa-regular fa-arrow-right ms-2\"><\/i><\/a><\/div><\/div><\/div>\t\t\t\t<\/div>\n\t\t\t\t<\/div>\n\t\t\t\t<div class=\"elementor-element elementor-element-b61dcee elementor-widget elementor-widget-solakprice\" data-id=\"b61dcee\" data-element_type=\"widget\" data-widget_type=\"solakprice.default\">\n\t\t\t\t<div class=\"elementor-widget-container\">\n\t\t\t\t\t<div class=\"row gy-4 justify-content-center\"><div class=\"col-xl-4 col-md-6\"><div class=\"price-box th-ani style2 \"><h3 class=\"box-title\">Ulga termomodernizacyjna<\/h3><p class=\"box-text2\">Dla kogo: Osoby fizyczne<\/p><h4 class=\"box-price\">Oszcz\u0119dzaj na podatkach!<\/h4><div class=\"box-content\"><div class=\"available-list\">Na co: Mo\u017cliwo\u015b\u0107 odliczenia od podatku koszt\u00f3w zwi\u0105zanych z termomodernizacj\u0105, w tym\r\ninstalacjami OZE (np. fotowoltaika, pompy ciep\u0142a), wymian\u0105 okien, drzwi, ociepleniem budynku.<br><br>Korzy\u015bci:<br><br><ul>\r\n\r\n<li>Wysokie odliczenia: Mo\u017cesz odliczy\u0107 do 53 000 z\u0142 od podatku.<\/li>\r\n<li>Brak konieczno\u015bci sk\u0142adania dodatkowych wniosk\u00f3w \u2013 wystarczy rozliczenie w rocznym\r\nzeznaniu podatkowym.<\/li>\r\n<\/ul>\r\n\r\n<br>To \u015bwietna okazja, aby dodatkowo zminimalizowa\u0107 koszt inwestycji w OZE i skorzysta\u0107 z ulg\r\npodatkowych.<\/div><\/div><a href=\"https:\/\/eltraserwis.pl\/?page_id=2075\/#dowiedz-sie-wiecej\" class=\"th-btn black-btn th-icon fw-btn\"><span class=\"btn-text\" data-back=\"Dowiedz sie wi\u0119cej\" data-front=\"Dowiedz sie wi\u0119cej\"><\/span><i class=\"fa-regular fa-arrow-right ms-2\"><\/i><\/a><\/div><\/div><div class=\"col-xl-4 col-md-6\"><div class=\"price-box th-ani style2 active\"><h3 class=\"box-title\">Program \u201eMoja Elektrownia Wiatrowa\u201d<\/h3><p class=\"box-text2\">Dla kogo: W\u0142a\u015bciciele lub wsp\u00f3\u0142w\u0142a\u015bciciele dom\u00f3w jednorodzinnych, kt\u00f3rzy planuj\u0105 inwestycje w\nprzydomowe elektrownie wiatrowe.<\/p><h4 class=\"box-price\">Dotacje na wiatrowe \u017ar\u00f3d\u0142a energii<\/h4><div class=\"box-content\"><div class=\"available-list\">Na co mo\u017cna uzyska\u0107 dofinansowanie:<br><br><ul>\r\n<li>Instalacja elektrowni wiatrowej: do 30 000 z\u0142 na jedn\u0105 mikroinstalacj\u0119 wiatrow\u0105<\/li>\r\n<li>Magazyn energii: do 17 000 z\u0142<\/li>\r\n\r\n<\/ul><br>\r\nWymogi programu:<br><br>\r\n\u25cf Pierwszy nab\u00f3r wniosk\u00f3w: od 17 czerwca 2024 r. do 16 czerwca 2025 r. (lub do wyczerpania\r\n\u015brodk\u00f3w)<br><br>\r\n\u25cf Refundacja do 50% koszt\u00f3w kwalifikowanych \u2013 do 5 000 z\u0142 za 1 kW mocy si\u0142owni wiatrowej<br><br>\r\n\u25cf Dotacja na magazyn energii: do 6 000 z\u0142 za ka\u017cdy 1 kWh pojemno\u015bci (minimalna pojemno\u015b\u0107\r\nto 2 kWh)<br><br>\r\nProgram finansowany jest ze \u015brodk\u00f3w Funduszu Modernizacyjnego i przewiduje pula 400 milion\u00f3w\r\nz\u0142otych na lata 2024-2029.<br> Zainwestuj w energi\u0119 wiatrow\u0105 i zyskaj dofinansowanie!<\/div><\/div><a href=\"https:\/\/eltraserwis.pl\/?page_id=2075\/#dowiedz-sie-wiecej\" class=\"th-btn black-btn th-icon fw-btn\"><span class=\"btn-text\" data-back=\"Dowiedz si\u0119 wi\u0119cej\" data-front=\"Dowiedz si\u0119 wi\u0119cej\"><\/span><i class=\"fa-regular fa-arrow-right ms-2\"><\/i><\/a><\/div><\/div><\/div>\t\t\t\t<\/div>\n\t\t\t\t<\/div>\n\t\t\t\t<div class=\"elementor-element elementor-element-8c602e0 elementor-widget elementor-widget-solakshapeimage\" data-id=\"8c602e0\" data-element_type=\"widget\" data-widget_type=\"solakshapeimage.default\">\n\t\t\t\t<div class=\"elementor-widget-container\">\n\t\t\t\t\t<!-- Image --><div class=\"shape-mockup  d-xxl-block d-none\" data-top=\"1px\" data-right=\"1px\"><img decoding=\"async\" class=\"\" src=\"https:\/\/wordpress.themeholy.com\/solak\/wp-content\/uploads\/2025\/01\/shape-1.png\" alt=\"Shape Image\" ><\/div><!-- End Image -->\t\t\t\t<\/div>\n\t\t\t\t<\/div>\n\t\t\t\t\t<\/div>\n\t\t\t\t<\/div>\n\t\t<div class=\"elementor-element elementor-element-6628e8e arrow-wrap e-flex e-con-boxed e-con e-parent\" data-id=\"6628e8e\" data-element_type=\"container\">\n\t\t\t\t\t<div class=\"e-con-inner\">\n\t\t\t\t<div class=\"elementor-element elementor-element-156d1a4 elementor-widget__width-initial elementor-widget elementor-widget-solaksectiontitle\" data-id=\"156d1a4\" data-element_type=\"widget\" data-widget_type=\"solaksectiontitle.default\">\n\t\t\t\t<div class=\"elementor-widget-container\">\n\t\t\t\t\t\t\t<div class=\"title-area text-center \">\r\n\t\t\t<h2 class=\"sec-title text-ani-style3\">Dlaczego warto zainwestowa\u0107 z Eltra Serwis?<\/h2>\t\t<\/div>\r\n\r\n\t\t\t\t\t<\/div>\n\t\t\t\t<\/div>\n\t\t\t\t<div class=\"elementor-element elementor-element-5e13c72 elementor-widget elementor-widget-solakstep\" data-id=\"5e13c72\" data-element_type=\"widget\" data-widget_type=\"solakstep.default\">\n\t\t\t\t<div class=\"elementor-widget-container\">\n\t\t\t\t\t<div class=\"step-wrap\"><div class=\"process-card_wrapp\"><div class=\"process-card\"><div class=\"process-image\"><div class=\"box-img global-img\"><img decoding=\"async\" src=\"https:\/\/eltraserwis.pl\/wp-content\/uploads\/2025\/04\/doradztwo.png\" alt=\"doradztwo\"  \/><\/div><span class=\"number\">01<\/span><\/div><div class=\"box-content\"><h2 class=\"box-title\">Profesjonalne doradztwo w zakresie dofinansowa\u0144<\/h2><p class=\"box-text\">Nasi eksperci pomog\u0105 Ci wybra\u0107\nnajlepszy program dofinansowania, dopasowany do Twojej sytuacji finansowej.<\/p><\/div><\/div><div class=\"process-card\"><div class=\"process-image\"><div class=\"box-img global-img\"><img decoding=\"async\" src=\"https:\/\/eltraserwis.pl\/wp-content\/uploads\/2025\/04\/obsluga-dokumentow.png\" alt=\"obsluga dokumentow\"  \/><\/div><span class=\"number\">02<\/span><\/div><div class=\"box-content\"><h2 class=\"box-title\">Bezproblemowa obs\u0142uga dokumentacji<\/h2><p class=\"box-text\">Zajmiemy si\u0119 wszystkimi formalno\u015bciami zwi\u0105zanymi z aplikowaniem o dotacj\u0119.<\/p><\/div><\/div><div class=\"process-card\"><div class=\"process-image\"><div class=\"box-img global-img\"><img decoding=\"async\" src=\"https:\/\/eltraserwis.pl\/wp-content\/uploads\/2025\/04\/bezpieczenstwo.png\" alt=\"bezpieczenstwo\"  \/><\/div><span class=\"number\">03<\/span><\/div><div class=\"box-content\"><h2 class=\"box-title\">Bezpiecze\u0144stwo i pewno\u015b\u0107<\/h2><p class=\"box-text\">Dzi\u0119ki naszemu do\u015bwiadczeniu masz pewno\u015b\u0107, \u017ce proces\nuzyskania dotacji przebiegnie sprawnie i bez komplikacji.<\/p><\/div><\/div><div class=\"process-card\"><div class=\"process-image\"><div class=\"box-img global-img\"><img decoding=\"async\" src=\"https:\/\/eltraserwis.pl\/wp-content\/uploads\/2025\/04\/Projekt-bez-nazwy.png\" alt=\"Projekt bez nazwy\"  \/><\/div><span class=\"number\">04<\/span><\/div><div class=\"box-content\"><h2 class=\"box-title\">Kompleksowa obs\u0142uga inwestycji OZE<\/h2><p class=\"box-text\">Zapewniamy pe\u0142ne wsparcie, od doradztwa i monta\u017cu, po p\u00f3\u017aniejsze wsparcie serwisowe.<\/p><\/div><\/div><\/div><\/div>\t\t\t\t<\/div>\n\t\t\t\t<\/div>\n\t\t\t\t\t<\/div>\n\t\t\t\t<\/div>\n\t\t<div class=\"elementor-element elementor-element-0904b81 e-flex e-con-boxed e-con e-parent\" data-id=\"0904b81\" data-element_type=\"container\" id=\"dowiedz-sie-wiecej\" data-settings=\"{&quot;background_background&quot;:&quot;classic&quot;}\">\n\t\t\t\t\t<div class=\"e-con-inner\">\n\t\t<div class=\"elementor-element elementor-element-19c9989 e-con-full e-flex e-con e-child\" data-id=\"19c9989\" data-element_type=\"container\">\n\t\t\t\t<div class=\"elementor-element elementor-element-c876107 elementor-widget__width-initial elementor-widget elementor-widget-solaksectiontitle\" data-id=\"c876107\" data-element_type=\"widget\" data-widget_type=\"solaksectiontitle.default\">\n\t\t\t\t<div class=\"elementor-widget-container\">\n\t\t\t\t\t\t\t<div class=\"title-area text-center \">\r\n\t\t\t<h2 class=\"sec-title text-ani-style3\">Chcesz dowiedzie\u0107 si\u0119, ile mo\u017cesz zaoszcz\u0119dzi\u0107 dzi\u0119ki dotacjom?<\/h2><p>Skontaktuj si\u0119 z nami, a nasz doradca dok\u0142adnie sprawdzi, jakie dotacje mog\u0105 Ci przys\u0142ugiwa\u0107, i\npomo\u017ce Ci przygotowa\u0107 pe\u0142n\u0105 dokumentacj\u0119. <br>Dzi\u0119ki Eltra Serwis proces uzyskiwania dofinansowania\njest szybki, \u0142atwy i bezpieczny.<\/p>\t\t<\/div>\r\n\r\n\t\t\t\t\t<\/div>\n\t\t\t\t<\/div>\n\t\t\t\t<div class=\"elementor-element elementor-element-87eb902 elementor-widget elementor-widget-solakcontactform\" data-id=\"87eb902\" data-element_type=\"widget\" data-widget_type=\"solakcontactform.default\">\n\t\t\t\t<div class=\"elementor-widget-container\">\n\t\t\t\t\t<div class=\"row gy-4 align-items-center justify-content-between\"><div class=\"col-xxl-4 col-xl-5 mb-3 mb-lg-0\"><div class=\"title-area text-center mb-0 text-xl-start\"><\/div><\/div><div class=\"col-xxl-8 col-xl-7\"><div class=\"consultation-area\"><div class=\"consultation-form ajax-contact\">\n<div class=\"wpcf7 no-js\" id=\"wpcf7-f2507-o1\" lang=\"en-US\" dir=\"ltr\" data-wpcf7-id=\"2507\">\n<div class=\"screen-reader-response\"><p role=\"status\" aria-live=\"polite\" aria-atomic=\"true\"><\/p> <ul><\/ul><\/div>\n<form action=\"\/index.php?rest_route=%2Fwp%2Fv2%2Fpages%2F2075#wpcf7-f2507-o1\" method=\"post\" class=\"wpcf7-form init\" aria-label=\"Contact form\" novalidate=\"novalidate\" data-status=\"init\">\n<div style=\"display: none;\">\n<input type=\"hidden\" name=\"_wpcf7\" value=\"2507\" \/>\n<input type=\"hidden\" name=\"_wpcf7_version\" value=\"6.0.6\" \/>\n<input type=\"hidden\" name=\"_wpcf7_locale\" value=\"en_US\" \/>\n<input type=\"hidden\" name=\"_wpcf7_unit_tag\" value=\"wpcf7-f2507-o1\" \/>\n<input type=\"hidden\" name=\"_wpcf7_container_post\" value=\"0\" \/>\n<input type=\"hidden\" name=\"_wpcf7_posted_data_hash\" value=\"\" \/>\n<\/div>\n<div class=\"container\">\n  <div class=\"d-flex flex-column flex-md-row justify-content-center align-items-stretch gap-3\">\n    <span class=\"wpcf7-form-control-wrap\" data-name=\"text-31\"><input size=\"40\" maxlength=\"400\" class=\"wpcf7-form-control wpcf7-text wpcf7-validates-as-required form-control flex-fill\" aria-required=\"true\" aria-invalid=\"false\" placeholder=\"Imi\u0119 i nazwisko\" value=\"\" type=\"text\" name=\"text-31\" \/><\/span>\n    <span class=\"wpcf7-form-control-wrap\" data-name=\"tel-430\"><input size=\"40\" maxlength=\"400\" class=\"wpcf7-form-control wpcf7-tel wpcf7-validates-as-required wpcf7-text wpcf7-validates-as-tel form-control flex-fill\" aria-required=\"true\" aria-invalid=\"false\" placeholder=\"Numer telefonu\" value=\"\" type=\"tel\" name=\"tel-430\" \/><\/span>\n    <span class=\"wpcf7-form-control-wrap\" data-name=\"email-218\"><input size=\"40\" maxlength=\"400\" class=\"wpcf7-form-control wpcf7-email wpcf7-validates-as-required wpcf7-text wpcf7-validates-as-email form-control flex-fill\" aria-required=\"true\" aria-invalid=\"false\" placeholder=\"Adres email\" value=\"\" type=\"email\" name=\"email-218\" \/><\/span>\n    <div class=\"d-flex align-items-stretch\">\n      <input class=\"wpcf7-form-control wpcf7-submit has-spinner th-btn black-btn2 th-radius th-icon fw-btn h-100\" type=\"submit\" value=\"Porozmawiaj z ekspertem\" \/>\n    <\/div>\n  <\/div>\n<\/div>\n<p class=\"form-messages text-center mt-3\"><\/p><div class=\"wpcf7-response-output\" aria-hidden=\"true\"><\/div>\n<\/form>\n<\/div>\n<\/div><\/div><\/div><\/div>\t\t\t\t<\/div>\n\t\t\t\t<\/div>\n\t\t\t\t<\/div>\n\t\t\t\t\t<\/div>\n\t\t\t\t<\/div>\n\t\t\t\t<\/div>\n\t\t","protected":false},"excerpt":{"rendered":"<p>Dofinansowania Z Eltra Serwis zaoszcz\u0119dzisz na ekologicznych inwestycjach! Skorzystaj z dotacji i obni\u017c koszty inwestycji do nawet 58 000 z\u0142! W Eltra Serwis nie tylko montujemy nowoczesne systemy OZE \u2013 pomagamy tak\u017ce zdoby\u0107 dotacje, kt\u00f3re umo\u017cliwiaj\u0105 szybkie obni\u017cenie koszt\u00f3w inwestycji. Dzi\u0119ki naszemu do\u015bwiadczeniu i wiedzy, proces ubiegania si\u0119 o dofinansowanie jest szybki, bezpieczny i bezproblemowy&#8230;.<\/p>\n","protected":false},"author":1,"featured_media":0,"parent":0,"menu_order":0,"comment_status":"closed","ping_status":"closed","template":"template-builder.php","meta":{"footnotes":""},"class_list":["post-2075","page","type-page","status-publish","hentry"],"_links":{"self":[{"href":"https:\/\/eltraserwis.pl\/index.php?rest_route=\/wp\/v2\/pages\/2075","targetHints":{"allow":["GET"]}}],"collection":[{"href":"https:\/\/eltraserwis.pl\/index.php?rest_route=\/wp\/v2\/pages"}],"about":[{"href":"https:\/\/eltraserwis.pl\/index.php?rest_route=\/wp\/v2\/types\/page"}],"author":[{"embeddable":true,"href":"https:\/\/eltraserwis.pl\/index.php?rest_route=\/wp\/v2\/users\/1"}],"replies":[{"embeddable":true,"href":"https:\/\/eltraserwis.pl\/index.php?rest_route=%2Fwp%2Fv2%2Fcomments&post=2075"}],"version-history":[{"count":51,"href":"https:\/\/eltraserwis.pl\/index.php?rest_route=\/wp\/v2\/pages\/2075\/revisions"}],"predecessor-version":[{"id":2543,"href":"https:\/\/eltraserwis.pl\/index.php?rest_route=\/wp\/v2\/pages\/2075\/revisions\/2543"}],"wp:attachment":[{"href":"https:\/\/eltraserwis.pl\/index.php?rest_route=%2Fwp%2Fv2%2Fmedia&parent=2075"}],"curies":[{"name":"wp","href":"https:\/\/api.w.org\/{rel}","templated":true}]}}