{"id":2347,"date":"2025-04-24T13:08:47","date_gmt":"2025-04-24T11:08:47","guid":{"rendered":"https:\/\/eltraserwis.pl\/?page_id=2347"},"modified":"2025-04-24T14:11:31","modified_gmt":"2025-04-24T12:11:31","slug":"pompy-ciepla","status":"publish","type":"page","link":"https:\/\/eltraserwis.pl\/?page_id=2347","title":{"rendered":"Pompy ciep\u0142a"},"content":{"rendered":"\t\t<div data-elementor-type=\"wp-page\" data-elementor-id=\"2347\" class=\"elementor elementor-2347\">\n\t\t\t\t\r\n<div class=\"elementor-element elementor-element-13f5b33 e-flex e-con-boxed e-con e-parent\" data-id=\"13f5b33\" data-element_type=\"container\">\n\t\t\t\t\t<div class=\"e-con-inner\">\n\t\t<div class=\"elementor-element elementor-element-0a99a2e e-con-full e-flex e-con e-child\" data-id=\"0a99a2e\" data-element_type=\"container\">\n\t\t\r\n\t\t<div class=\"elementor-element elementor-element-c4cf7f2 elementor-widget elementor-widget-solakimage\" data-id=\"c4cf7f2\" data-element_type=\"widget\" data-widget_type=\"solakimage.default\">\n\t\t\t\t<div class=\"elementor-widget-container\">\n\t\t\t\t\t<div class=\"page-img global-img\"><img decoding=\"async\" src=\"https:\/\/eltraserwis.pl\/wp-content\/uploads\/2025\/04\/pompa-ciepla.png\" alt=\"pompa ciepla\"  \/><\/div>\t\t\t\t<\/div>\n\t\t\t\t<\/div>\n\t\t\t\t<div class=\"elementor-element elementor-element-ad1b4d9 elementor-widget elementor-widget-heading\" data-id=\"ad1b4d9\" data-element_type=\"widget\" data-widget_type=\"heading.default\">\n\t\t\t\t<div class=\"elementor-widget-container\">\n\t\t\t\t\t<h2 class=\"elementor-heading-title elementor-size-default\">Pompy ciep\u0142a \u2013 nowoczesne ogrzewanie i ch\u0142odzenie<\/h2>\t\t\t\t<\/div>\n\t\t\t\t<\/div>\n\t\t\t\t<div class=\"elementor-element elementor-element-009a576 elementor-widget elementor-widget-text-editor\" data-id=\"009a576\" data-element_type=\"widget\" data-widget_type=\"text-editor.default\">\n\t\t\t\t<div class=\"elementor-widget-container\">\n\t\t\t\t\t\t\t\t\t<p>Pompy ciep\u0142a to ekologiczne i ekonomiczne \u017ar\u00f3d\u0142o ogrzewania budynk\u00f3w oraz podgrzewania wody u\u017cytkowej. Zapewniaj\u0105 wysoki komfort i niskie koszty eksploatacyjne.<\/p><p>Dobieramy i montujemy powietrzne pompy ciep\u0142a uznanych europejskich marek, zapewniaj\u0105c pe\u0142n\u0105 dokumentacj\u0119, wsparcie w uzyskaniu dotacji oraz kompleksow\u0105 obs\u0142ug\u0119.<\/p>\t\t\t\t\t\t\t\t<\/div>\n\t\t\t\t<\/div>\n\t\t\t\t<div class=\"elementor-element elementor-element-7c51e44 elementor-widget elementor-widget-heading\" data-id=\"7c51e44\" data-element_type=\"widget\" data-widget_type=\"heading.default\">\n\t\t\t\t<div class=\"elementor-widget-container\">\n\t\t\t\t\t<h4 class=\"elementor-heading-title elementor-size-default\">Co oferujemy?<\/h4>\t\t\t\t<\/div>\n\t\t\t\t<\/div>\n\t\t<div class=\"elementor-element elementor-element-9060226 e-con-full e-flex e-con e-child\" data-id=\"9060226\" data-element_type=\"container\">\n\t\t\t\t<div class=\"elementor-element elementor-element-efc8044 elementor-widget__width-initial elementor-widget-tablet__width-inherit elementor-widget elementor-widget-html\" data-id=\"efc8044\" data-element_type=\"widget\" data-widget_type=\"html.default\">\n\t\t\t\t<div class=\"elementor-widget-container\">\n\t\t\t\t\t<div class=\"checklist style6\">\r\n<ul>\r\n<li>Dob\u00f3r pompy do Twoich potrzeb i budynku<\/li>\r\n<li>Projekt, monta\u017c i uruchomienie<\/li>\r\n<li>Mo\u017cliwo\u015b\u0107 po\u0142\u0105czenia z fotowoltaik\u0105 i magazynem energii<\/li>\r\n<li>Dofinansowania do 28 000 z\u0142 z program\u00f3w takich jak Czyste Powietrze<\/li>\r\n\r\n\r\n<\/ul>\r\n<\/div>\t\t\t\t<\/div>\n\t\t\t\t<\/div>\n\t\t\t\t<div class=\"elementor-element elementor-element-09913e6 elementor-widget__width-initial elementor-widget-tablet__width-inherit elementor-widget elementor-widget-solakimage\" data-id=\"09913e6\" data-element_type=\"widget\" data-widget_type=\"solakimage.default\">\n\t\t\t\t<div class=\"elementor-widget-container\">\n\t\t\t\t\t<div class=\"row\"><div class=\"col-6\"><div class=\"page-img style1 global-img\"><img decoding=\"async\" src=\"https:\/\/eltraserwis.pl\/wp-content\/uploads\/2025\/04\/pompa.png\" alt=\"pompa\"  class=\"w-100\" \/><\/div><\/div><div class=\"col-6\"><div class=\"page-img style1 global-img\"><img decoding=\"async\" src=\"https:\/\/eltraserwis.pl\/wp-content\/uploads\/2025\/04\/pompy.png\" alt=\"pompy\"  class=\"w-100\" \/><\/div><\/div><\/div>\t\t\t\t<\/div>\n\t\t\t\t<\/div>\n\t\t\t\t<\/div>\n\t\t\t\t<div class=\"elementor-element elementor-element-126ebd9 elementor-widget elementor-widget-heading\" data-id=\"126ebd9\" data-element_type=\"widget\" data-widget_type=\"heading.default\">\n\t\t\t\t<div class=\"elementor-widget-container\">\n\t\t\t\t\t<h4 class=\"elementor-heading-title elementor-size-default\">Wsp\u00f3lna cecha wszystkich us\u0142ug Eltra Serwis:<\/h4>\t\t\t\t<\/div>\n\t\t\t\t<\/div>\n\t\t\t\t<div class=\"elementor-element elementor-element-dfd08b7 elementor-widget elementor-widget-solakfeatures\" data-id=\"dfd08b7\" data-element_type=\"widget\" data-widget_type=\"solakfeatures.default\">\n\t\t\t\t<div class=\"elementor-widget-container\">\n\t\t\t\t\t<div class=\"service-process-wrap\"><div class=\"service-process\"><div class=\"service-process_img\"><img decoding=\"async\" src=\"https:\/\/eltraserwis.pl\/wp-content\/uploads\/2025\/04\/feature_1_1.png\" alt=\"feature_1_1\"  \/><\/div><div class=\"service-process_centent\"><h5 class=\"service-process_title\">Tylko sprawdzone, jako\u015bciowe urz\u0105dzenia<\/h5><\/div><\/div><div class=\"service-process\"><div class=\"service-process_img\"><img decoding=\"async\" src=\"https:\/\/eltraserwis.pl\/wp-content\/uploads\/2025\/04\/feature_1_2.png\" alt=\"feature_1_2\"  \/><\/div><div class=\"service-process_centent\"><h5 class=\"service-process_title\">Certyfikowani instalatorzy i serwisanci\n<\/h5><p class=\"service-process_text\">\n<\/p><\/div><\/div><div class=\"service-process\"><div class=\"service-process_img\"><img decoding=\"async\" src=\"https:\/\/eltraserwis.pl\/wp-content\/uploads\/2025\/04\/process_2_1.png\" alt=\"process_2_1\"  \/><\/div><div class=\"service-process_centent\"><h5 class=\"service-process_title\">Pomoc w formalno\u015bciach i dotacjach<\/h5><\/div><\/div><div class=\"service-process\"><div class=\"service-process_img\"><img decoding=\"async\" src=\"https:\/\/eltraserwis.pl\/wp-content\/uploads\/2025\/04\/feature_1_4.png\" alt=\"feature_1_4\"  \/><\/div><div class=\"service-process_centent\"><h5 class=\"service-process_title\">Obs\u0142uga inwestycji na terenie ca\u0142ego kraju<\/h5><\/div><\/div><div class=\"service-process\"><div class=\"service-process_img\"><img decoding=\"async\" src=\"https:\/\/eltraserwis.pl\/wp-content\/uploads\/2025\/04\/feature_1_3.png\" alt=\"feature_1_3\"  \/><\/div><div class=\"service-process_centent\"><h5 class=\"service-process_title\">Mo\u017cliwo\u015b\u0107 \u0142\u0105czenia system\u00f3w (PV + pompa + magazyn + wiatrak) w jedn\u0105, sp\u00f3jn\u0105 instalacj\u0119\nhybrydow\u0105<\/h5><\/div><\/div><\/div>\t\t\t\t<\/div>\n\t\t\t\t<\/div>\n\t\t\t\t<\/div>\n\t\t<div class=\"elementor-element elementor-element-49dbbb3 e-con-full e-flex e-con e-child\" data-id=\"49dbbb3\" data-element_type=\"container\">\n\t\t\t\t<div class=\"elementor-element elementor-element-b228f27 widget widget_search elementor-widget elementor-widget-wp-widget-solak_search_form_widget\" data-id=\"b228f27\" data-element_type=\"widget\" data-widget_type=\"wp-widget-solak_search_form_widget.default\">\n\t\t\t\t<div class=\"elementor-widget-container\">\n\t\t\t\t\t<form class=\"search-form\" action=\"https:\/\/eltraserwis.pl\/\"><input type=\"text\" name=\"s\" placeholder=\"Szukaj...\"><button type=\"submit\"><i class=\"far fa-search\"><\/i><\/button><\/form>\t\t\t\t<\/div>\n\t\t\t\t<\/div>\n\t\t\t\t<div class=\"elementor-element elementor-element-52d738f elementor-widget elementor-widget-solakservicelist\" data-id=\"52d738f\" data-element_type=\"widget\" data-widget_type=\"solakservicelist.default\">\n\t\t\t\t<div class=\"elementor-widget-container\">\n\t\t\t\t\t<div class=\"widget widget_nav_menu\"><h3 class=\"widget_title style2\">Wszystkie us\u0142ugi<\/h3><ul><li><a href=\"https:\/\/eltraserwis.pl\/?page_id=504\">Fotowoltaika<\/a><\/li><li><a href=\"https:\/\/eltraserwis.pl\/?page_id=2311\">Magazyny energii<\/a><\/li><li><a href=\"https:\/\/eltraserwis.pl\/?page_id=2347\">Pompy ciep\u0142a<\/a><\/li><li><a href=\"https:\/\/eltraserwis.pl\/?page_id=2371\">Elektrownie wiatrowe<\/a><\/li><li><a href=\"https:\/\/eltraserwis.pl\/?page_id=2388\">Kot\u0142y zgazowuj\u0105ce i na pellet<\/a><\/li><li><a href=\"https:\/\/eltraserwis.pl\/?page_id=2412\">Klimatyzacja<\/a><\/li><\/ul><\/div>\t\t\t\t<\/div>\n\t\t\t\t<\/div>\n\t\t\t\t<\/div>\n\t\t\t\t\t<\/div>\n\t\t\t\t<\/div>\n\t\t\t\t<\/div>\n\t\t","protected":false},"excerpt":{"rendered":"<p>Pompy ciep\u0142a \u2013 nowoczesne ogrzewanie i ch\u0142odzenie Pompy ciep\u0142a to ekologiczne i ekonomiczne \u017ar\u00f3d\u0142o ogrzewania budynk\u00f3w oraz podgrzewania wody u\u017cytkowej. Zapewniaj\u0105 wysoki komfort i niskie koszty eksploatacyjne. Dobieramy i montujemy powietrzne pompy ciep\u0142a uznanych europejskich marek, zapewniaj\u0105c pe\u0142n\u0105 dokumentacj\u0119, wsparcie w uzyskaniu dotacji oraz kompleksow\u0105 obs\u0142ug\u0119. Co oferujemy? Dob\u00f3r pompy do Twoich potrzeb i budynku&#8230;<\/p>\n","protected":false},"author":1,"featured_media":0,"parent":0,"menu_order":0,"comment_status":"closed","ping_status":"closed","template":"template-builder.php","meta":{"footnotes":""},"class_list":["post-2347","page","type-page","status-publish","hentry"],"_links":{"self":[{"href":"https:\/\/eltraserwis.pl\/index.php?rest_route=\/wp\/v2\/pages\/2347","targetHints":{"allow":["GET"]}}],"collection":[{"href":"https:\/\/eltraserwis.pl\/index.php?rest_route=\/wp\/v2\/pages"}],"about":[{"href":"https:\/\/eltraserwis.pl\/index.php?rest_route=\/wp\/v2\/types\/page"}],"author":[{"embeddable":true,"href":"https:\/\/eltraserwis.pl\/index.php?rest_route=\/wp\/v2\/users\/1"}],"replies":[{"embeddable":true,"href":"https:\/\/eltraserwis.pl\/index.php?rest_route=%2Fwp%2Fv2%2Fcomments&post=2347"}],"version-history":[{"count":22,"href":"https:\/\/eltraserwis.pl\/index.php?rest_route=\/wp\/v2\/pages\/2347\/revisions"}],"predecessor-version":[{"id":2456,"href":"https:\/\/eltraserwis.pl\/index.php?rest_route=\/wp\/v2\/pages\/2347\/revisions\/2456"}],"wp:attachment":[{"href":"https:\/\/eltraserwis.pl\/index.php?rest_route=%2Fwp%2Fv2%2Fmedia&parent=2347"}],"curies":[{"name":"wp","href":"https:\/\/api.w.org\/{rel}","templated":true}]}}