{"id":2561,"date":"2025-04-24T17:33:25","date_gmt":"2025-04-24T15:33:25","guid":{"rendered":"https:\/\/eltraserwis.pl\/?page_id=2561"},"modified":"2025-04-24T17:41:46","modified_gmt":"2025-04-24T15:41:46","slug":"strefa-instalatora","status":"publish","type":"page","link":"https:\/\/eltraserwis.pl\/?page_id=2561","title":{"rendered":"Strefa instalatora"},"content":{"rendered":"\t\t<div data-elementor-type=\"wp-page\" data-elementor-id=\"2561\" class=\"elementor elementor-2561\">\n\t\t\t\t\r\n<div class=\"elementor-element elementor-element-cb7aba8 e-flex e-con-boxed e-con e-parent\" data-id=\"cb7aba8\" data-element_type=\"container\">\n\t\t\t\t\t<div class=\"e-con-inner\">\n\t\t\r\n\t\t<div class=\"elementor-element elementor-element-05232ac elementor-widget elementor-widget-solaksectiontitle\" data-id=\"05232ac\" data-element_type=\"widget\" data-widget_type=\"solaksectiontitle.default\">\n\t\t\t\t<div class=\"elementor-widget-container\">\n\t\t\t\t\t\t\t<div class=\"title-area text-center \">\r\n\t\t\t<span class=\"sub-title \">Dla Instalator\u00f3w<\/span><h2 class=\"sec-title \">Do\u0142\u0105cz do sieci profesjonalnych instalator\u00f3w Eltra Serwis!<\/h2><p>Chcesz wsp\u00f3\u0142pracowa\u0107 z liderem rynku OZE? Wype\u0142nij formularz, a skontaktujemy si\u0119 z Tob\u0105, aby om\u00f3wi\u0107 szczeg\u00f3\u0142y wsp\u00f3\u0142pracy.<br> Z nami b\u0119dziesz mia\u0142 dost\u0119p do najlepszych produkt\u00f3w, atrakcyjnych cen oraz pe\u0142nego wsparcia technicznego. Czekamy na Ciebie!<\/p>\t\t<\/div>\r\n\r\n\t\t\t\t\t<\/div>\n\t\t\t\t<\/div>\n\t\t\t\t\t<\/div>\n\t\t\t\t<\/div>\n\t\t<div class=\"elementor-element elementor-element-23cd96f e-flex e-con-boxed e-con e-parent\" data-id=\"23cd96f\" data-element_type=\"container\">\n\t\t\t\t\t<div class=\"e-con-inner\">\n\t\t\t\t<div class=\"elementor-element elementor-element-1e74182 elementor-widget elementor-widget-solakcontactform\" data-id=\"1e74182\" data-element_type=\"widget\" data-widget_type=\"solakcontactform.default\">\n\t\t\t\t<div class=\"elementor-widget-container\">\n\t\t\t\t\t<div class=\"appoinment-area2 bg-smoke2\"><div class=\"row justify-content-between\"><div class=\"col-xl-6\"><div class=\"appointment-content2\"><div class=\"appointment-form2 ajax-contact\">\n<div class=\"wpcf7 no-js\" id=\"wpcf7-f1431-o1\" lang=\"en-US\" dir=\"ltr\" data-wpcf7-id=\"1431\">\n<div class=\"screen-reader-response\"><p role=\"status\" aria-live=\"polite\" aria-atomic=\"true\"><\/p> <ul><\/ul><\/div>\n<form action=\"\/index.php?rest_route=%2Fwp%2Fv2%2Fpages%2F2561#wpcf7-f1431-o1\" method=\"post\" class=\"wpcf7-form init\" aria-label=\"Contact form\" novalidate=\"novalidate\" data-status=\"init\">\n<div style=\"display: none;\">\n<input type=\"hidden\" name=\"_wpcf7\" value=\"1431\" \/>\n<input type=\"hidden\" name=\"_wpcf7_version\" value=\"6.0.6\" \/>\n<input type=\"hidden\" name=\"_wpcf7_locale\" value=\"en_US\" \/>\n<input type=\"hidden\" name=\"_wpcf7_unit_tag\" value=\"wpcf7-f1431-o1\" \/>\n<input type=\"hidden\" name=\"_wpcf7_container_post\" value=\"0\" \/>\n<input type=\"hidden\" name=\"_wpcf7_posted_data_hash\" value=\"\" \/>\n<\/div>\n<div class=\"row\">\n  <div class=\"form-group col-md-6\">\n    <span class=\"wpcf7-form-control-wrap\" data-name=\"full-name\"><input size=\"40\" maxlength=\"400\" class=\"wpcf7-form-control wpcf7-text wpcf7-validates-as-required form-control\" aria-required=\"true\" aria-invalid=\"false\" placeholder=\"Imi\u0119 i nazwisko\" value=\"\" type=\"text\" name=\"full-name\" \/><\/span>\n  <\/div>\n  <div class=\"form-group col-md-6\">\n    <span class=\"wpcf7-form-control-wrap\" data-name=\"email\"><input size=\"40\" maxlength=\"400\" class=\"wpcf7-form-control wpcf7-email wpcf7-validates-as-required wpcf7-text wpcf7-validates-as-email form-control\" aria-required=\"true\" aria-invalid=\"false\" placeholder=\"Adres email\" value=\"\" type=\"email\" name=\"email\" \/><\/span>\n  <\/div>\n  <div class=\"form-group col-md-6\">\n    <span class=\"wpcf7-form-control-wrap\" data-name=\"phone\"><input size=\"40\" maxlength=\"400\" class=\"wpcf7-form-control wpcf7-tel wpcf7-validates-as-required wpcf7-text wpcf7-validates-as-tel form-control\" aria-required=\"true\" aria-invalid=\"false\" placeholder=\"Numer telefonu\" value=\"\" type=\"tel\" name=\"phone\" \/><\/span>\n  <\/div>\n  <div class=\"form-group col-md-6\">\n    <span class=\"wpcf7-form-control-wrap\" data-name=\"company-name\"><input size=\"40\" maxlength=\"400\" class=\"wpcf7-form-control wpcf7-text wpcf7-validates-as-required form-control\" aria-required=\"true\" aria-invalid=\"false\" placeholder=\"Nazwa firmy\" value=\"\" type=\"text\" name=\"company-name\" \/><\/span>\n  <\/div>\n  <div class=\"form-group col-12\">\n    <span class=\"wpcf7-form-control-wrap\" data-name=\"specialization\"><select class=\"wpcf7-form-control wpcf7-select wpcf7-validates-as-required form-select nice-select\" aria-required=\"true\" aria-invalid=\"false\" name=\"specialization\"><option value=\"Specjalizacja\">Specjalizacja<\/option><option value=\"Instalacja fotowoltaiki\">Instalacja fotowoltaiki<\/option><option value=\"Instalacja pomp ciep\u0142a\">Instalacja pomp ciep\u0142a<\/option><option value=\"Magazynowanie energii\">Magazynowanie energii<\/option><option value=\"Instalacja system\u00f3w grzewczych\">Instalacja system\u00f3w grzewczych<\/option><option value=\"Inne\">Inne<\/option><\/select><\/span>\n  <\/div>\n  <div class=\"form-group col-12\">\n    <span class=\"wpcf7-form-control-wrap\" data-name=\"message\"><textarea cols=\"40\" rows=\"10\" maxlength=\"2000\" class=\"wpcf7-form-control wpcf7-textarea form-control\" aria-invalid=\"false\" placeholder=\"Dodatkowe informacje lub pytania\" name=\"message\"><\/textarea><\/span>\n  <\/div>\n  <div class=\"form-btn text-xl-start text-center col-12\">\n    <input class=\"wpcf7-form-control wpcf7-submit has-spinner th-btn th-radius fw-btn\" type=\"submit\" value=\"Aplikuj teraz\" \/>\n  <\/div>\n<\/div>\n<p class=\"form-messages mb-0 mt-3\"><\/p><div class=\"wpcf7-response-output\" aria-hidden=\"true\"><\/div>\n<\/form>\n<\/div>\n<\/div><\/div><\/div><div class=\"col-xl-6\"><div class=\"contact-image2\"><img decoding=\"async\" src=\"https:\/\/eltraserwis.pl\/wp-content\/uploads\/2025\/04\/strefa-instalatora.png\" alt=\"strefa instalatora\"  \/><\/div><\/div><\/div><\/div>\t\t\t\t<\/div>\n\t\t\t\t<\/div>\n\t\t\t\t\t<\/div>\n\t\t\t\t<\/div>\n\t\t\t\t<\/div>\n\t\t","protected":false},"excerpt":{"rendered":"<p>Dla Instalator\u00f3w Do\u0142\u0105cz do sieci profesjonalnych instalator\u00f3w Eltra Serwis! Chcesz wsp\u00f3\u0142pracowa\u0107 z liderem rynku OZE? Wype\u0142nij formularz, a skontaktujemy si\u0119 z Tob\u0105, aby om\u00f3wi\u0107 szczeg\u00f3\u0142y wsp\u00f3\u0142pracy. Z nami b\u0119dziesz mia\u0142 dost\u0119p do najlepszych produkt\u00f3w, atrakcyjnych cen oraz pe\u0142nego wsparcia technicznego. Czekamy na Ciebie! SpecjalizacjaInstalacja fotowoltaikiInstalacja pomp ciep\u0142aMagazynowanie energiiInstalacja system\u00f3w grzewczychInne<\/p>\n","protected":false},"author":1,"featured_media":0,"parent":0,"menu_order":0,"comment_status":"closed","ping_status":"closed","template":"template-builder.php","meta":{"footnotes":""},"class_list":["post-2561","page","type-page","status-publish","hentry"],"_links":{"self":[{"href":"https:\/\/eltraserwis.pl\/index.php?rest_route=\/wp\/v2\/pages\/2561","targetHints":{"allow":["GET"]}}],"collection":[{"href":"https:\/\/eltraserwis.pl\/index.php?rest_route=\/wp\/v2\/pages"}],"about":[{"href":"https:\/\/eltraserwis.pl\/index.php?rest_route=\/wp\/v2\/types\/page"}],"author":[{"embeddable":true,"href":"https:\/\/eltraserwis.pl\/index.php?rest_route=\/wp\/v2\/users\/1"}],"replies":[{"embeddable":true,"href":"https:\/\/eltraserwis.pl\/index.php?rest_route=%2Fwp%2Fv2%2Fcomments&post=2561"}],"version-history":[{"count":7,"href":"https:\/\/eltraserwis.pl\/index.php?rest_route=\/wp\/v2\/pages\/2561\/revisions"}],"predecessor-version":[{"id":2569,"href":"https:\/\/eltraserwis.pl\/index.php?rest_route=\/wp\/v2\/pages\/2561\/revisions\/2569"}],"wp:attachment":[{"href":"https:\/\/eltraserwis.pl\/index.php?rest_route=%2Fwp%2Fv2%2Fmedia&parent=2561"}],"curies":[{"name":"wp","href":"https:\/\/api.w.org\/{rel}","templated":true}]}}